+ 3?
6
-16 + -2 + -4 + 12 + -3
-13
Evaluate 1 - (8 - (10 + 0 + -4)).
-1
What is (4 + -19 - (4 - 11)) + 4?
-4
-12 + (15 - -11) + (2 - (2 - -8))
6
What is the value of 77 + -67 - (3 + 3)?
4
What is (12 - 2) + -4 + -8?
-2
Calculate 6 + (-38 - -19) + (6 - 2).
-9
-46 + 45 + (1 - (-1 - -9))
-8
48 + -70 - (-33 + 4)
7
(-9 + 2 - -14) + -4 + -1
2
1 + (-19 - (-8 + -6))
-4
What is the value of -386 + 402 - (-3 - -3 - 13)?
29
Evaluate 3 + (-49 - 1) - (272 - 283).
-36
1 + -32 + (-11 - -14)
-28
-16 + 1 - (-2 + 13 + -7 + -11)
-8
What is the value of (1948 - 1913) + 2 + -61?
-24
Calculate -7 + 15 + -5 + (5 - (4 + 2)).
2
2 - (-8 + 4 + (-7 - -1))
12
What is the value of (-1 + -1 - -6 - (43 - 34)) + 13?
8
What is the value of -4 - (-5 - 2) - -8 - (22 - -16)?
-27
What is the value of -8 + (-15 + 22 - -8)?
7
Evaluate -19 + 23 + 39 + -30.
13
Calculate (9 - (-4 + 19)) + 4 - 16.
-18
Evaluate (1 + -1 - -5) + -504 + 506.
7
What is -15 + 2 + -12 + (-8 - 2 - -15)?
-20
-8 + -2 + (3 - -3) + -5 - 5
-14
What is 8 - (-2 - -1) - 7?
2
What is the value of (8 - -3) + (-2 + -7 - -3) + -9?
-4
(14 - 0) + -19 - (6 - -6)
-17
7 + (-2 - (31 - 1) - -12)
-13
What is the value of (4 - (-1 - -9)) + -4 + 1 + -4?
-11
Calculate -3 - (1 - 8 - (4 + -4 + 13)).
17
Evaluate -9 - (6 - (8 + -2 + 7)).
-2
What is (-279 - -278) + (20 - 4)?
15
(0 - -2) + 2 - (-31 + 3 + 15)
17
-12 + (-18 - (19 + -35) - (0 - 0))
-14
What is the value of -11 - (-23 - -14 - -3)?
-5
Calculate (-2 - (2 + (-9 - -16))) + 2.
-9
What is 7 + -4 + -12 - (-19 - -2)?
8
Evaluate (-9 - (-12 - -3 - -12)) + -2.
-14
Calculate (-19 - (-25 + 12)) + -24 + 20.
-10
What is the value of -15 + 1 + (-392 - -422) + 10?
26
Evaluate (-39 - -46) + 34 + -20.
21
Calculate 5 + (-8 - (2 - -12)) + 9 - -4.
-4
-43 + -5 + 2 - -23
-23
What is the value of (-2 - 15) + 0 + (-43 - -55)?
-5
1 + -14 + -2 - (-2 + -16 + 11)
-8
What is (-11 + 4 - -2) + 16?
11
What is the value of 34 + (-28 - -3) - 6?
3
Evaluate -3 + 30 + -3 + (8 - (6 + 11)).
15
Evaluate -260 + 251 - (-11 - (0 - (3 + -3))).
2
What is -13 - (37 + -85 + 13)?
22
What is the value of (-5 - -24) + -37 + 4?
-14
-11 + -1 + 13 + -8 + -9 + 10
-6
Calculate 3 + 16 - 26 - (3 + -3).
-7
What is the value of -3 - 0 - (-27 - -3 - -32)?
-11
Evaluate -1 + (0 + 0 - 11) + (-1275 - -1269).
-18
(-4 - -12) + (4 - 8) + -9
-5
Evaluate 0 - 7 - (8 + 2 - (-4 - -24)).
3
Calculate (-13 - -10) + -7 + 18.
8
6 + (-16 - (0 - (8 + 1)))
-1
What is the value of 7 + -25 + (-2 - (-15 + 7)) - 5?
-17
Evaluate -19 + 0 - (-97 + 52 + 44).
-18
Calculate (0 - (-7 + 6)) + (-3 - -14).
12
Evaluate 25 - (1 - (-16 + (-9 - -20))).
19
What is 24 + -15 + (-1 - -10) - (0 + 1)?
17
What is the value of 9 + -11 + -1 + -2 + -30 + 33?
-2
Calculate 2 - ((-3 - (5 + -1)) + -5).
14
Evaluate -40 - (-4 + -19 + -48).
31
Evaluate 5 + (-11 - (-5 + -9)) - 11.
-3
Calculate 23 + (4 - 6) - 12.
9
What is the value of -1 + (-14 + -5 - -11)?
-9
Evaluate -4 + -24 + (-124 - -130).
-22
What is -6 - -12 - ((18 - 9) + -29)?
26
What is the value of 79 - 88 - (-15 + 1)?
5
What is the value of -1 + -14 + -1 - -18?
2
5 - (47 - (-31 + 72))
-1
What is the value of (-232 - -249) + (-18 - 5)?
-6
What is (1 + (-3 - (-6 - -3)) - -16) + -6?
11
What is the value of 33 - (19 - (-1 + 15 + -13))?
15
Evaluate -14 - (-24 + 12) - -14.
12
27 - (-1 + (-16 - -36) + -28)
36
What is the value of -15 - (-17 - 22 - -20)?
4
Calculate -9 + -7 + (15 + -2 - -10).
7
What is the value of (52 - 66) + -3 + 6?
-11
(39 - 37) + (-4 + 11 - 5) + 2
6
Evaluate -2 - 6 - (-3 + -7) - 5.
-3
What is the value of -10 + -6 + 14 + -1 + 3 + 25?
25
3 - -1 - (-13 - (-13 - 4))
0
Evaluate -714 + 732 + 0 + -14.
4
Evaluate -27 + 4 + 38 - -22 - (7 + 1).
29
-2 + -10 + 5 + -3
-10
What is the value of (66 - 53) + 1 + -14?
0
Calculate 13 - 16 - -11 - 10.
-2
Evaluate -7 + (-9 - -15 - 11).
-12
Calculate 247 + -287 - (-61 + 5).
16
4 + (17 - 11) + 1
11
What is 14 + (16 + -35 + 6 - (-2 + -3))?
6
(1 - -2) + 29 + -4
28
-3 + (14 - 14) + 15
12
What is the value of (7 - 11 - (4 + -8)) + -7?
-7
Calculate (-22 + 10 - -11) + -1 - (1 + -11).
8
Calculate 12 + -58 - (31 + -74).
-3
What is -9 - ((3 - (2 + 4)) + 9 + -9)?
-6
Calculate (-25 - (-8 - 10)) + -19.
-26
What is the value of (-31 - -4) + (33 + -9 - 28)?
-31
Calculate (-7 - -6) + -8 - -7.
-2
What is the value of -25 + (-10 + 2 - (-12 - 15) - 9)?
-15
Calculate -19 + 2 + -54 + 44 + 5.
-22
(0 - 7) + 2 + 2 - (-11 - 3)
11
What is the value of -8 - (5 - (1 - -13))?
1
Calculate (16 - 17 - -36) + -36.
-1
1 + -2 + 4 - (-5 + 1)
7
What is the value of -5 + (10 + -10 - 0) + 5?
0
Calculate 17 - (10 - 3) - (8 - 5).
7
Calculate 6 + (13 - -1) + -10.
10
Evaluate -4 + 13 + -12 + 0 + -2 + -1.
-6
(5 - (-2 - -40 - 1)) + -2 + 4
-30
What is (-1355 - -1356) + (20 - 2 - 0)?
19
What is the value of (-2 - (1 + (27 - 15))) + (4 - 0)?
-11
What is the value of 0 + 12 - ((-37 - -44) + -6)?
11
Evaluate 1 + 15 + 0 + -5.
11
What is 64 + (2 - 3) - 34?
29
-3 - (-5 + 5 - ((1 - 9) + 9))
-2
Calculate (-4 - (9 + -8) - -21) + (0 - -8).
24
Calculate (-3 - -3) + (-3 - (-16 - (1 - 10))).
4
What is -28 + 17 + 11 + -12?
-12
Evaluate 6 + (4 - 11) - (-4 - -1).
2
What is the value of (-1 - 18) + 2 + 16 + -12 + 0?
-13
What is the value of -2 - (-18 - (0 + -2)) - (120 - 114)?
8
What is 6 + -12 + 24 + -2 + -1?
15
-25 + 9 + -18 + 10
-24
What is -43 - -3 - -10 - (-17 - -3)?
-16
Evaluate (3 - 1) + (30 - (12 + 25)).
-5
Calculate (32 - (6 - (-7 + 2))) + 3.
24
What is 13 + -7 - (2 + -8 + (10 - 7))?
9
5 - 10 - (3 + (1 - -1) - 3)
-7
What is the value of (4 + 1 - (18 + -10)) + 12 + -19?
-10
-5 + (-1 + 10 - -1) + (-11 - -9)
3
Evaluate 59 + -53 + -4 - (0 + (1 - 1)).
2
What is the value of 0 + (8 - (26 + -32 + (0 - 11)))?
25
Calculate 2 + -2 + 48 + -38.
10
Calculate 23 + 6 + -13 - 10.
6
What is the value of -26 - (-15 + 14 + -4)?
-21
What is 34 - 25 - (20 - -1)?
-12
1 - -13 - ((8 - 8) + 17)
-3
What is the value of -3 - (-14 - (-14 + (-23 - -13)))?
-13
14 + (-1 - 14 - 6 - 14)
-21
What is 14 + (18 - 23) - 12?
-3
Calculate 9 - -2 - 2 - ((7 - -1) + -1).
2
15 + -21 + (-14 - (2 - 6))
-16
What is the value of (332 - 356) + (17 - -1)?
-6
Calculate 21 + (58 + -38 - 7).
34
5 - (-11 - (18 + (5 - 6)))
33
What is (1 - -8) + -1 - (71 + -63)?
0
Evaluate -3 - -11 - (-1 + 22).
-13
Calculate -13 + 21 - (8 - 1).
1
Calculate 2 - 5 - (160 - 138).
-25
34 + (19 - -9 - 37)
25
What is the value of 9 + (-4 - -10 - 6) - 5 - 0?
4
Evaluate 4 - (41 + -17 + -16).
-4
Calculate -5 - (-21 - (-9 - -1) - 17).
25
Evaluate -8 + 8 + 13 + -30 + 14.
-3
5 - 3 - -1 - (-17 - -12)
8
What is 2287 - 2291 - (-22 + 1)?
17
What is (-16 - (16 - 25)) + -7 + (-1 - -50)?
35
Evaluate 1 - (0 + -14) - (1 + 5).
9
8 - (12 - 1) - -31 - -1
29
Evaluate 4 - -9 - (8 + 1).
4
-61 - (-73 - -27) - (3 - (1 + -1))
-18
Calculate -7 - (-6 - (-6 - 2)).
-9
(2 - 10) + 8 + -8 + 3 - 4
-9
What is 20 - (0 - -2 - (-3 + (-7 - -5)))?
13
-8 + 1 + (6 + -6 + 8 - 5)
-4
Calculate -2 - (-2 - 10) - (92 + -94).
12
What is the value of 15 - (9 + 8 - 25)?
23
What is the value of (-450 - -445) + (3 + -3 - (-1 - 7))?
3
What is the value of -1 + 33 + -16 + -19?
-3
What is the value of -3 + (-24 + (-6 - (-18 - 0)) - -6)?
-9
What is the value of 21 - (14 + (18 - 2))?
-9
What is -5 + (-21 - (8 + -2 + -12))?
-20
Calculate (-23 - -7) + (-7 - -13) + 4.
-6
What is (-20 - -31) + (3 - -4 - 11) + 3?
10
What is the value of -5 + -5 + (-4 - -16) - (-1 + -9)?
12
Calculate 67 + -64 + (3 + -2 - 8) - 3.
-7
What is the value of 23 + 10 - 42 - (4 + 0 + 2)?
-15
Evaluate (-3 - 8) + 4 + 7 - -13.
13
What is -29 + (8 - (-6 + 11 + 2))?
-28
What is (15 - (-3 + 7)) + 158 + -185?
-16
Calculate -12 - ((-7 - -20) + -15).
-10
Evaluate -7 + (-20 - -6) + 12 - 15.
-24
Calculate 150 + -143 + (11 + -8 - (29 + 0)).
-19
What is the value of 4 + -4 + (-1 - -1 - (10 + -4))?
-6
What is the value of -11 - (-10 - -22 - 26)?
3
What is the value of 147 + -124 - (30 + 2)?
-9
Evaluate (-41 + 16 - -25) + (-1 - 0 - -15).
14
Calculate -852 + 849 + (0 - 1) + -2.
-6
-11 - (5 + -20) - ((0 - 5) + 0)
9
What is 1 - ((14 + -9 - 8) + 8)?
-4
What is (4 + 2 - 19) + 12?
-1
5 + (0 + 14 - (-12 - -19))
12
Calculate -8 - (4 + (8 - 8) - 7).
-5
(0 - 0) + 6 + -8 - 0
-2
Calculate (46 - 35) + (9 - 5).
15
Calculate -16 + (-22 - -22) - (1 + -47).
30
What is -13 - (-23 + -4 + -7 - -9)?
12
What is the value of -8 - (-2 - (-